{"id":765,"date":"2025-10-28T15:59:56","date_gmt":"2025-10-28T14:59:56","guid":{"rendered":"https:\/\/shop.blockout.fr\/tours\/?post_type=product&#038;p=765"},"modified":"2025-10-28T15:59:56","modified_gmt":"2025-10-28T14:59:56","slug":"abonnement-trimestriel-reduit","status":"publish","type":"product","link":"https:\/\/shop.blockout.fr\/tours\/produit\/abonnement-trimestriel-reduit\/","title":{"rendered":"Abonnement trimestriel &#8211; R\u00e9duit"},"content":{"rendered":"<div class=\"store-organizer__preview__text\">\n<div class=\"store-organizer__preview__text\">\n<div class=\"store-organizer__preview__text\">\n<div class=\"store-organizer__preview__text\">\n<div class=\"store-organizer__preview__text\">\n<div class=\"store-organizer__preview__text\">\n<div class=\"store-organizer__preview__text\">Acc\u00e8s illimit\u00e9 escalade, cardio-musculation et spa &#8211; Offre r\u00e9serv\u00e9e aux demandeurs d&#8217;emploi, \u00e9tudiants, licenci\u00e9s CAF et FFME &#8211; Justificatif \u00e0 pr\u00e9senter \u00e0 l&rsquo;accueil de votre salle &#8211; Valide 3 mois \u00e0 partir de la date d&rsquo;achat &#8211; Tarif comprenant le support carte RFID qui vous sera d\u00e9livr\u00e9 \u00e0 l&rsquo;accueil de votre salle<\/div>\n<div class=\"store-organizer__preview__extra\"><\/div>\n<\/div>\n<\/div>\n<\/div>\n<\/div>\n<\/div>\n<\/div>\n","protected":false},"excerpt":{"rendered":"<div class=\"store-organizer__preview__text\">\n<div class=\"store-organizer__preview__text\">\n<div class=\"store-organizer__preview__text\">\n<div class=\"store-organizer__preview__text\">\n<div class=\"store-organizer__preview__text\">\n<div class=\"store-organizer__preview__text\">\n<div class=\"store-organizer__preview__text\">Acc\u00e8s illimit\u00e9 escalade, cardio-musculation et spa &#8211; Offre r\u00e9serv\u00e9e aux demandeurs d&#8217;emploi, \u00e9tudiants, licenci\u00e9s CAF et FFME &#8211; Justificatif \u00e0 pr\u00e9senter \u00e0 l&rsquo;accueil de votre salle &#8211; Valide 3 mois \u00e0 partir de la date d&rsquo;achat &#8211; Tarif comprenant le support carte RFID qui vous sera d\u00e9livr\u00e9 \u00e0 l&rsquo;accueil de votre salle<\/div>\n<div class=\"store-organizer__preview__extra\"><\/div>\n<\/div>\n<\/div>\n<\/div>\n<\/div>\n<\/div>\n<\/div>\n","protected":false},"featured_media":760,"template":"","meta":{"_acf_changed":false,"_seopress_robots_primary_cat":"none","_seopress_titles_title":"","_seopress_titles_desc":"","_seopress_robots_index":""},"product_brand":[],"product_cat":[22,20,19],"product_tag":[],"class_list":{"0":"post-765","1":"product","2":"type-product","3":"status-publish","4":"has-post-thumbnail","6":"product_cat-abonnements","7":"product_cat-acces","8":"product_cat-escalade","10":"first","11":"instock","12":"virtual","13":"taxable","14":"purchasable","15":"product-type-simple"},"acf":[],"publishpress_future_action":{"enabled":false,"date":"2026-05-03 04:34:25","action":"change-status","newStatus":"draft","terms":[],"taxonomy":"product_brand","extraData":[]},"publishpress_future_workflow_manual_trigger":{"enabledWorkflows":[]},"_links":{"self":[{"href":"https:\/\/shop.blockout.fr\/tours\/wp-json\/wp\/v2\/product\/765","targetHints":{"allow":["GET"]}}],"collection":[{"href":"https:\/\/shop.blockout.fr\/tours\/wp-json\/wp\/v2\/product"}],"about":[{"href":"https:\/\/shop.blockout.fr\/tours\/wp-json\/wp\/v2\/types\/product"}],"version-history":[{"count":1,"href":"https:\/\/shop.blockout.fr\/tours\/wp-json\/wp\/v2\/product\/765\/revisions"}],"predecessor-version":[{"id":766,"href":"https:\/\/shop.blockout.fr\/tours\/wp-json\/wp\/v2\/product\/765\/revisions\/766"}],"wp:featuredmedia":[{"embeddable":true,"href":"https:\/\/shop.blockout.fr\/tours\/wp-json\/wp\/v2\/media\/760"}],"wp:attachment":[{"href":"https:\/\/shop.blockout.fr\/tours\/wp-json\/wp\/v2\/media?parent=765"}],"wp:term":[{"taxonomy":"product_brand","embeddable":true,"href":"https:\/\/shop.blockout.fr\/tours\/wp-json\/wp\/v2\/product_brand?post=765"},{"taxonomy":"product_cat","embeddable":true,"href":"https:\/\/shop.blockout.fr\/tours\/wp-json\/wp\/v2\/product_cat?post=765"},{"taxonomy":"product_tag","embeddable":true,"href":"https:\/\/shop.blockout.fr\/tours\/wp-json\/wp\/v2\/product_tag?post=765"}],"curies":[{"name":"wp","href":"https:\/\/api.w.org\/{rel}","templated":true}]}}