{"id":1200,"date":"2026-04-28T16:26:36","date_gmt":"2026-04-28T14:26:36","guid":{"rendered":"https:\/\/shop.blockout.fr\/strasbourg\/?post_type=product&#038;p=1200"},"modified":"2026-04-28T16:26:36","modified_gmt":"2026-04-28T14:26:36","slug":"summer-pass-mai","status":"publish","type":"product","link":"https:\/\/shop.blockout.fr\/strasbourg\/produit\/summer-pass-mai\/","title":{"rendered":"Summer Pass &#8211; Mai"},"content":{"rendered":"<div><strong>4 mois pour le prix de 3 : ton abonnement illimit\u00e9 de mai \u00e0 ao\u00fbt !<\/strong><\/div>\n<div><\/div>\n<div class=\"store-organizer__preview__text\">Acc\u00e8s illimit\u00e9 escalade, cardio-musculation et sauna\/hammam \u2013 5 euros seront \u00e0 r\u00e9gler \u00e0 l\u2019accueil de votre salle pour le support carte RFID (si vous n\u2019en poss\u00e9dez pas)<br \/>\n<em><b>\ud83d\udec8 <\/b>Tarif r\u00e9duit : r\u00e9serv\u00e9 aux demandeurs d\u2019emploi, \u00e9tudiants, licenci\u00e9s CAF\/FFME \u2013 Justificatif \u00e0 pr\u00e9senter \u00e0 l\u2019accueil<\/em><\/div>\n","protected":false},"excerpt":{"rendered":"<p>4 mois pour le prix de 3 : ton abonnement illimit\u00e9 de mai \u00e0 ao\u00fbt ! Acc\u00e8s illimit\u00e9 escalade, cardio-musculation et sauna\/hammam \u2013 5 euros seront \u00e0 r\u00e9gler \u00e0 l\u2019accueil de votre salle pour le support carte RFID (si vous n\u2019en poss\u00e9dez pas) \ud83d\udec8 Tarif r\u00e9duit : r\u00e9serv\u00e9 aux demandeurs d\u2019emploi, \u00e9tudiants, licenci\u00e9s CAF\/FFME \u2013 [&hellip;]<\/p>\n","protected":false},"featured_media":1203,"template":"","meta":{"_acf_changed":false,"_seopress_robots_primary_cat":"none","_seopress_titles_title":"Summer pass mai : 4 mois d'escalade au prix de 3 !","_seopress_titles_desc":"Viens profiter d'un acc\u00e8s illimit\u00e9 \u00e0 prix r\u00e9duit de mai \u00e0 ao\u00fbt pour grimper tout l'\u00e9t\u00e9. \u00c0 partir de 170\u20ac seulement !","_seopress_robots_index":""},"product_brand":[],"product_cat":[22,20,19],"product_tag":[],"class_list":{"0":"post-1200","1":"product","2":"type-product","3":"status-publish","4":"has-post-thumbnail","6":"product_cat-abonnements","7":"product_cat-acces","8":"product_cat-escalade","10":"first","11":"instock","12":"sale","13":"featured","14":"taxable","15":"shipping-taxable","16":"purchasable","17":"product-type-variable"},"acf":[],"publishpress_future_action":{"enabled":true,"date":"2026-05-31 23:59:00","action":"change-status","newStatus":"draft","terms":[0],"taxonomy":"product_brand","extraData":[]},"publishpress_future_workflow_manual_trigger":{"enabledWorkflows":[]},"_links":{"self":[{"href":"https:\/\/shop.blockout.fr\/strasbourg\/wp-json\/wp\/v2\/product\/1200","targetHints":{"allow":["GET"]}}],"collection":[{"href":"https:\/\/shop.blockout.fr\/strasbourg\/wp-json\/wp\/v2\/product"}],"about":[{"href":"https:\/\/shop.blockout.fr\/strasbourg\/wp-json\/wp\/v2\/types\/product"}],"version-history":[{"count":1,"href":"https:\/\/shop.blockout.fr\/strasbourg\/wp-json\/wp\/v2\/product\/1200\/revisions"}],"predecessor-version":[{"id":1204,"href":"https:\/\/shop.blockout.fr\/strasbourg\/wp-json\/wp\/v2\/product\/1200\/revisions\/1204"}],"wp:featuredmedia":[{"embeddable":true,"href":"https:\/\/shop.blockout.fr\/strasbourg\/wp-json\/wp\/v2\/media\/1203"}],"wp:attachment":[{"href":"https:\/\/shop.blockout.fr\/strasbourg\/wp-json\/wp\/v2\/media?parent=1200"}],"wp:term":[{"taxonomy":"product_brand","embeddable":true,"href":"https:\/\/shop.blockout.fr\/strasbourg\/wp-json\/wp\/v2\/product_brand?post=1200"},{"taxonomy":"product_cat","embeddable":true,"href":"https:\/\/shop.blockout.fr\/strasbourg\/wp-json\/wp\/v2\/product_cat?post=1200"},{"taxonomy":"product_tag","embeddable":true,"href":"https:\/\/shop.blockout.fr\/strasbourg\/wp-json\/wp\/v2\/product_tag?post=1200"}],"curies":[{"name":"wp","href":"https:\/\/api.w.org\/{rel}","templated":true}]}}