{"id":742,"date":"2025-11-03T10:54:58","date_gmt":"2025-11-03T09:54:58","guid":{"rendered":"https:\/\/shop.blockout.fr\/nantes\/?post_type=product&#038;p=742"},"modified":"2026-03-27T12:52:14","modified_gmt":"2026-03-27T11:52:14","slug":"carnet-10-seances-classique","status":"publish","type":"product","link":"https:\/\/shop.blockout.fr\/nantes\/produit\/carnet-10-seances-classique\/","title":{"rendered":"Carnet 10 s\u00e9ances &#8211; Classique"},"content":{"rendered":"<div class=\"store-organizer__preview__text\">\n<div class=\"store-organizer__preview__text\">\n<div class=\"store-organizer__preview__text\">\n<div class=\"store-organizer__preview__text\">\n<div class=\"store-organizer__preview__text\">\n<div class=\"store-organizer__preview__text\">\n<div class=\"store-organizer__preview__text\">\n<p>Carte nominative, sans limite de validit\u00e9.\u00a0Caution de carte 6euros \u00e0 r\u00e9gler sur place.<\/p>\n<\/div>\n<\/div>\n<\/div>\n<\/div>\n<\/div>\n<\/div>\n<\/div>\n","protected":false},"excerpt":{"rendered":"<div class=\"store-organizer__preview__text\">\n<div class=\"store-organizer__preview__text\">\n<div class=\"store-organizer__preview__text\">\n<div class=\"store-organizer__preview__text\">\n<div class=\"store-organizer__preview__text\">\n<div class=\"store-organizer__preview__text\">\n<div class=\"store-organizer__preview__text\">\n<p>Carnet nominatif de 10 s\u00e9ances &#8211; 34 euros \u00e9conomis\u00e9s toutes les 10 s\u00e9ances &#8211; Valide 12 mois \u00e0 partir de la date d&rsquo;achat &#8211; 5 euros seront \u00e0 r\u00e9gler \u00e0 l&rsquo;accueil de votre salle pour le support carte RFID (si vous n&rsquo;en poss\u00e9dez pas).<\/p>\n<\/div>\n<\/div>\n<\/div>\n<\/div>\n<\/div>\n<\/div>\n<\/div>\n","protected":false},"featured_media":749,"template":"","meta":{"_acf_changed":false,"_seopress_robots_primary_cat":"none","_seopress_titles_title":"","_seopress_titles_desc":"","_seopress_robots_index":""},"product_brand":[],"product_cat":[20,22,19],"product_tag":[],"class_list":{"0":"post-742","1":"product","2":"type-product","3":"status-publish","4":"has-post-thumbnail","6":"product_cat-acces","7":"product_cat-carnets","8":"product_cat-escalade","10":"first","11":"instock","12":"virtual","13":"taxable","14":"purchasable","15":"product-type-simple"},"acf":[],"publishpress_future_action":{"enabled":false,"date":"2026-05-03 05:51:35","action":"change-status","newStatus":"draft","terms":[],"taxonomy":"product_brand","extraData":[]},"publishpress_future_workflow_manual_trigger":{"enabledWorkflows":[]},"_links":{"self":[{"href":"https:\/\/shop.blockout.fr\/nantes\/wp-json\/wp\/v2\/product\/742","targetHints":{"allow":["GET"]}}],"collection":[{"href":"https:\/\/shop.blockout.fr\/nantes\/wp-json\/wp\/v2\/product"}],"about":[{"href":"https:\/\/shop.blockout.fr\/nantes\/wp-json\/wp\/v2\/types\/product"}],"version-history":[{"count":3,"href":"https:\/\/shop.blockout.fr\/nantes\/wp-json\/wp\/v2\/product\/742\/revisions"}],"predecessor-version":[{"id":825,"href":"https:\/\/shop.blockout.fr\/nantes\/wp-json\/wp\/v2\/product\/742\/revisions\/825"}],"wp:featuredmedia":[{"embeddable":true,"href":"https:\/\/shop.blockout.fr\/nantes\/wp-json\/wp\/v2\/media\/749"}],"wp:attachment":[{"href":"https:\/\/shop.blockout.fr\/nantes\/wp-json\/wp\/v2\/media?parent=742"}],"wp:term":[{"taxonomy":"product_brand","embeddable":true,"href":"https:\/\/shop.blockout.fr\/nantes\/wp-json\/wp\/v2\/product_brand?post=742"},{"taxonomy":"product_cat","embeddable":true,"href":"https:\/\/shop.blockout.fr\/nantes\/wp-json\/wp\/v2\/product_cat?post=742"},{"taxonomy":"product_tag","embeddable":true,"href":"https:\/\/shop.blockout.fr\/nantes\/wp-json\/wp\/v2\/product_tag?post=742"}],"curies":[{"name":"wp","href":"https:\/\/api.w.org\/{rel}","templated":true}]}}